{"id":8,"date":"2019-02-21T17:04:51","date_gmt":"2019-02-21T16:04:51","guid":{"rendered":"http:\/\/tabor.ywam.sk\/2019\/?page_id=8"},"modified":"2019-07-05T11:11:23","modified_gmt":"2019-07-05T09:11:23","slug":"tema","status":"publish","type":"page","link":"https:\/\/tabor.ywam.sk\/2019\/tema\/","title":{"rendered":"Oddan\u00ed"},"content":{"rendered":"<h3><strong>\u201cBu\u010fte sv\u00e4t\u00ed, lebo ja, P\u00e1n, v\u00e1\u0161 Boh, som sv\u00e4t\u00fd!\u201d Lev 19:2<\/strong><\/h3>\n<p>Oddan\u00ed&#8230; Niekomu? Nie\u010domu? Nav\u017edy? Na nejak\u00fd \u010das? Sme \u013eudia, sme t\u00ed, ktor\u00ed padaj\u00fa a vst\u00e1vaj\u00fa. \u017dijeme svoje ka\u017edodenn\u00e9 povinnosti, radosti, starosti, udalosti, vz\u0165ahy, man\u017eelstv\u00e1. Ka\u017ed\u00fd z n\u00e1s z\u00e1pas\u00ed, od b\u00e1b\u00e4tka, ktor\u00e9 sa e\u0161te len vyv\u00edja v lone matky, a\u017e po toho, ktor\u00fd u\u017e len z\u0165a\u017eka chod\u00ed po tomto svete. A pritom sa sna\u017e\u00edme by\u0165 niekomu alebo nie\u010domu oddan\u00ed. Je to n\u00e1\u0161 ka\u017edodenn\u00fd \u017eivot. Nie jednoduch\u00fd, \u010dasto sa bor\u00edme, ide n\u00e1m to ako v lete na saniach a niekedy sa spust\u00edme a fr\u010d\u00edme.<\/p>\n<p>Boh n\u00e1s vyz\u00fdva k tomu, aby sme boli sv\u00e4t\u00ed. Aby sme boli oddan\u00ed Jemu. Nech u\u017e s\u00fa na\u0161e z\u00e1pasy ak\u00e9ko\u013evek, nech prech\u00e1dzame v \u017eivote \u010d\u00edmko\u013evek. Ak sme oddan\u00ed Je\u017ei\u0161ovi, mo\u017eno sa okolnosti nezmenia, ale On n\u00e1m bude d\u00e1va\u0165 vn\u00fatorn\u00fd pokoj.<\/p>\n<p>Po\u010fte sa s nami pozrie\u0165 bli\u017e\u0161ie na to, \u010do znamen\u00e1 by\u0165 oddan\u00ed. Ako by\u0165 oddan\u00ed. Mo\u017eno z\u00edska\u0165 in\u00fd poh\u013ead, mo\u017eno Mu op\u00e4\u0165 nanovo vyda\u0165 svoj \u017eivot a okolnosti. Mo\u017eno sa prv\u00fd kr\u00e1t, \u010di nanovo rozhodn\u00fa\u0165, \u017ee Mu chcem vyda\u0165 ka\u017ed\u00fa \u010das\u0165 \u017eivota. Aspo\u0148 sa pribl\u00ed\u017ei\u0165 Jeho sv\u00e4tosti. Asi nevieme by\u0165 ako sv\u00e4t\u00ed ako Je\u017ei\u0161, ale m\u00f4\u017eeme sa mu pribl\u00ed\u017ei\u0165. On m\u00f4\u017ee by\u0165 pre n\u00e1s obrazom, vzorom&#8230; Cesta, pravda a \u017eivot. Ak sa mu odd\u00e1me.<\/p>\n<p>By\u0165 sv\u00e4t\u00fd, preto\u017ee Boh je sv\u00e4t\u00fd. Ak\u00e1 \u00fa\u017easn\u00e1 a z\u00e1rove\u0148 b\u00e1ze\u0148 vyvol\u00e1vaj\u00faca v\u00fdzva. Po\u010fte sa necha\u0165 vyzva\u0165. Poz\u00fdvame V\u00e1s aspo\u0148 na mal\u00fd krok do ve\u013ekej h\u013abky oddanosti Bohu. Poz\u00fdvame V\u00e1s na na\u0161e Rodinn\u00e9 t\u00e1bory YWAM.<\/p>\n","protected":false},"excerpt":{"rendered":"<p>\u201cBu\u010fte sv\u00e4t\u00ed, lebo ja, P\u00e1n, v\u00e1\u0161 Boh, som sv\u00e4t\u00fd!\u201d Lev 19:2 Oddan\u00ed&#8230; Niekomu? Nie\u010domu? Nav\u017edy? Na nejak\u00fd \u010das? Sme \u013eudia, sme t\u00ed, ktor\u00ed padaj\u00fa a vst\u00e1vaj\u00fa. \u017dijeme svoje ka\u017edodenn\u00e9 povinnosti, radosti, starosti, udalosti, vz\u0165ahy, man\u017eelstv\u00e1. Ka\u017ed\u00fd z n\u00e1s z\u00e1pas\u00ed, od b\u00e1b\u00e4tka, ktor\u00e9 sa e\u0161te len vyv\u00edja v lone matky, a\u017e po toho, ktor\u00fd u\u017e len &hellip; <a href=\"https:\/\/tabor.ywam.sk\/2019\/tema\/\" class=\"more-link\">Pokra\u010dova\u0165 v \u010d\u00edtan\u00ed: <span class=\"screen-reader-text\">Oddan\u00ed<\/span><\/a><\/p>\n","protected":false},"author":1,"featured_media":0,"parent":0,"menu_order":2,"comment_status":"closed","ping_status":"closed","template":"","meta":{"footnotes":""},"class_list":["post-8","page","type-page","status-publish","hentry"],"_links":{"self":[{"href":"https:\/\/tabor.ywam.sk\/2019\/wp-json\/wp\/v2\/pages\/8","targetHints":{"allow":["GET"]}}],"collection":[{"href":"https:\/\/tabor.ywam.sk\/2019\/wp-json\/wp\/v2\/pages"}],"about":[{"href":"https:\/\/tabor.ywam.sk\/2019\/wp-json\/wp\/v2\/types\/page"}],"author":[{"embeddable":true,"href":"https:\/\/tabor.ywam.sk\/2019\/wp-json\/wp\/v2\/users\/1"}],"replies":[{"embeddable":true,"href":"https:\/\/tabor.ywam.sk\/2019\/wp-json\/wp\/v2\/comments?post=8"}],"version-history":[{"count":3,"href":"https:\/\/tabor.ywam.sk\/2019\/wp-json\/wp\/v2\/pages\/8\/revisions"}],"predecessor-version":[{"id":80,"href":"https:\/\/tabor.ywam.sk\/2019\/wp-json\/wp\/v2\/pages\/8\/revisions\/80"}],"wp:attachment":[{"href":"https:\/\/tabor.ywam.sk\/2019\/wp-json\/wp\/v2\/media?parent=8"}],"curies":[{"name":"wp","href":"https:\/\/api.w.org\/{rel}","templated":true}]}}