{"id":15,"date":"2018-03-04T12:44:48","date_gmt":"2018-03-04T11:44:48","guid":{"rendered":"http:\/\/tabor.ywam.sk\/2018\/?page_id=15"},"modified":"2018-03-07T13:17:24","modified_gmt":"2018-03-07T12:17:24","slug":"informacie","status":"publish","type":"page","link":"https:\/\/tabor.ywam.sk\/2018\/informacie\/","title":{"rendered":"Inform\u00e1cie"},"content":{"rendered":"<h2>Miesto a term\u00edny:<\/h2>\n<div class=\"alignright thumbs\"><a href=\"http:\/\/tabor.ywam.sk\/2016\/wp-content\/uploads\/hotel_remata.jpg\" rel=\"lightbox[15]\"><img loading=\"lazy\" decoding=\"async\" class=\"size-thumbnail wp-image-33\" src=\"http:\/\/tabor.ywam.sk\/2016\/wp-content\/uploads\/hotel_remata-240x149.jpg\" alt=\"hotel_remata\" width=\"240\" height=\"149\" \/><\/a><\/div>\n<p><strong>Miesto j\u00falov\u00fdch t\u00e1borov: <a href=\"http:\/\/www.hotel-remata.sk\/\" target=\"_blank\" rel=\"noopener\">hotel Remata***,\u00a0R\u00e1zto\u010dno, Handlov\u00e1<\/a><\/strong><br \/>\n<strong>1. TURNUS : 15. &#8211; 21. j\u00fal <\/strong><br \/>\n<strong>Re\u010dn\u00edci: Brian a Chris Clarke &#8211; <\/strong><em>pracuj\u00fa ako kres\u0165ansk\u00ed mision\u00e1ri od roku 1989 a dlhodobo sa venuj\u00fa pr\u00e1ci s rodinami<\/em><\/p>\n<p><strong>2. TURNUS : 22. &#8211; 28. j\u00fal<br \/>\n<\/strong><em>(t\u00e1bor pre rodiny de\u0165mi ak\u00e9hoko\u013evek veku, pre teenagerov od 13 rokov bude pripraven\u00fd \u0161peci\u00e1lny program)<\/em><em><strong><br \/>\n<\/strong><\/em><strong>Re\u010dn\u00edci: <\/strong><strong>Christoph a Eveline Leu &#8211; <\/strong><em>priekopn\u00edci King\u2019s Kids v Eur\u00f3pe. (King\u2019s Kids je s\u00fa\u010das\u0165 YWAM, zameriavaj\u00faca sa na slu\u017ebu s de\u0165mi a ml\u00e1de\u017eou)<\/em><br \/>\n\u0160peci\u00e1lny program pre t\u00edned\u017eerov bude ma\u0165 tento rok na starosti skupina King\u2019s Kids z Izraela pod veden\u00edm Alona a Raji Grimbergovcov.<\/p>\n<div class=\"alignright thumbs\"><a href=\"http:\/\/tabor.ywam.sk\/2015\/wp-content\/uploads\/drotar1.jpg\" rel=\"lightbox[15]\"><img loading=\"lazy\" decoding=\"async\" class=\"wp-image-40 size-thumbnail\" src=\"http:\/\/tabor.ywam.sk\/2015\/wp-content\/uploads\/drotar1-240x180.jpg\" alt=\"drotar1\" width=\"120\" height=\"90\" \/><\/a><a href=\"http:\/\/tabor.ywam.sk\/2015\/wp-content\/uploads\/drotar2.jpg\" rel=\"lightbox[15]\"><img loading=\"lazy\" decoding=\"async\" class=\"size-thumbnail wp-image-41\" src=\"http:\/\/tabor.ywam.sk\/2015\/wp-content\/uploads\/drotar2-240x180.jpg\" alt=\"drotar2\" width=\"120\" height=\"90\" \/><\/a><\/div>\n<p><strong>Miesto augustov\u00e9ho t\u00e1bora: <a href=\"http:\/\/web.stonline.sk\/hoteldrotar\/\" target=\"_blank\" rel=\"noopener\">hotel Drot\u00e1r, Hronec<\/a><\/strong><br \/>\n<strong>3. TURNUS : 12. &#8211; 18. august<br \/>\n<\/strong><strong>Re\u010dn\u00edci: Al a Carolyn Akimoff &#8211; <\/strong><em>dlhoro\u010dn\u00ed YWAM\u00e1ci, priekopn\u00edci YWAM v strednej a v\u00fdchodnej Eur\u00f3pe, v s\u00fa\u010dasnosti jedni zo \u201cstarej\u0161\u00edch\u201d na\u0161ej organiz\u00e1cie<\/em><\/p>\n<p>&nbsp;<\/p>\n<h2>Ubytovanie a cena:<\/h2>\n<h3><strong>Hotel Remata &#8211; ubytovanie a cena:<\/strong><\/h3>\n<p>Zariadenie Remata pon\u00faka r\u00f4zne kateg\u00f3rie ubytovania \u2013 v\u00a0hoteli v\u00a02 a\u017e 4-l\u00f4\u017ekov\u00fdch izb\u00e1ch alebo v\u00a0apartm\u00e1noch, v\u00a02 a\u017e 4-l\u00f4\u017ekov\u00fdch chatk\u00e1ch a\u00a0v\u00a0turistickej ubytovni s\u00a02 a\u017e 4-l\u00f4\u017ekov\u00fdmi izbami s\u00a0poschodov\u00fdmi poste\u013eami a\u00a0spolo\u010dn\u00fdm soci\u00e1lnym zariaden\u00edm na chodbe.<\/p>\n<p><u><\/u><strong>Cena v\u00a0hoteli <\/strong>(2 a\u017e 4-l\u00f4\u017ekov\u00e9 izby)<strong>:\u00a0<\/strong><\/p>\n<ul>\n<li><strong>190\u20ac\u00a0<\/strong>&#8211; dospel\u00fd<\/li>\n<li><strong>150\u20ac<\/strong>\u00a0&#8211; die\u0165a od 12 rokov (dospel\u00e1 porcia)<\/li>\n<li><strong>130\u20ac<\/strong>\u00a0&#8211; die\u0165a do 11 rokov vr\u00e1tane (detsk\u00e1 porcia)<\/li>\n<li><strong>25\u20ac<\/strong>\u00a0&#8211; die\u0165a do 3\u00a0rokov vr\u00e1tane (bez n\u00e1roku na stravu a\u00a0l\u00f4\u017eko)<\/li>\n<li><strong>60\u20ac<\/strong>\u00a0&#8211;\u00a0pes<\/li>\n<\/ul>\n<p>Pokia\u013e m\u00e1te z\u00e1ujem o\u00a0ubytovanie v\u00a0apartm\u00e1ne, pr\u00edpadne chcete by\u0165 ubytovan\u00ed v\u00a02 izb\u00e1ch, doplatok pre rodinu je 100\u20ac.<\/p>\n<p><strong>Cena v chatk\u00e1ch <\/strong>(po\u010det l\u00f4\u017eok 2 a\u017e 4)<strong>:<\/strong><\/p>\n<ul>\n<li><strong>175\u20ac<\/strong>\u00a0&#8211; dospel\u00fd<\/li>\n<li><strong>140\u20ac<\/strong>\u00a0&#8211; die\u0165a od 12 rokov (dospel\u00e1 porcia)<\/li>\n<li><strong>120\u20ac<\/strong>\u00a0&#8211; die\u0165a do 11 rokov vr\u00e1tane (detsk\u00e1 porcia)<\/li>\n<li><strong>25\u20ac<\/strong>\u00a0&#8211; die\u0165a do 3\u00a0rokov vr\u00e1tane (bez n\u00e1roku na stravu a\u00a0l\u00f4\u017eko)<\/li>\n<li><strong>60\u20ac<\/strong>\u00a0&#8211;\u00a0pes<\/li>\n<\/ul>\n<p><strong>Cena v turistickej ubytovni\u00a0<\/strong>(ubytovanie v\u00a02 a\u017e 4 &#8211; l\u00f4\u017ekov\u00fdch izb\u00e1ch s\u00a0poschodov\u00fdmi poste\u013eami a\u00a0spolo\u010dn\u00fdm soci\u00e1lnym zariaden\u00edm)<strong>:<\/strong><\/p>\n<ul>\n<li><strong>155\u20ac<\/strong>\u00a0&#8211; dospel\u00fd<\/li>\n<li><strong>125\u20ac<\/strong>\u00a0&#8211; die\u0165a od 12 rokov (dospel\u00e1 porcia)<\/li>\n<li><strong>105\u20ac<\/strong>\u00a0&#8211; die\u0165a do 11 rokov vr\u00e1tane (detsk\u00e1 porcia)<\/li>\n<li><strong>25\u20ac<\/strong>\u00a0&#8211; die\u0165a do 3\u00a0rokov vr\u00e1tane (bez n\u00e1roku na stravu a\u00a0l\u00f4\u017eko)<\/li>\n<li><strong>60\u20ac<\/strong>\u00a0&#8211;\u00a0pes<\/li>\n<\/ul>\n<p>V\u00a0pr\u00edpade, \u017ee m\u00e1te z\u00e1ujem o\u00a0stravu alebo l\u00f4\u017eko pre die\u0165a mlad\u0161ie ako 3 roky, uve\u010fte to v pozn\u00e1mke v\u00a0prihl\u00e1\u0161ke \u2013 cenu uprav\u00edme pod\u013ea va\u0161ich po\u017eiadaviek.<\/p>\n<p><strong>\u010e\u00f4lezit\u00e9 pozn\u00e1mky:<br \/>\n<\/strong>Ak pr\u00eddete na t\u00e1bor ako <strong>jeden rodi\u010d s \u010fe\u0165mi<\/strong>, je potrebn\u00e9 po\u010d\u00edta\u0165 s pr\u00edplatkom 50\u20ac za druh\u00e9ho dospel\u00e9ho vzh\u013eadom k cenovej politike hotela.<br \/>\nAk ste rodina s po\u010dtom det\u00ed 1-2 a <strong>chceli by ste kv\u00f4li komfortu 2 izby<\/strong>, je potrebn\u00e9 vzh\u013eadom k cenovej politike hotela po\u010d\u00edta\u0165 s doplatkom pre rodinu 100\u20ac.<\/p>\n<p>V pr\u00edpade, \u017ee by cena bola pre Va\u0161u rodinu neprekonate\u013enou prek\u00e1\u017ekou, kontaktujte n\u00e1s na <a href=\"mailto:stana@ywam.sk\">stana@ywam.sk<\/a>. Budeme sa modli\u0165 a sna\u017ei\u0165 sa spolo\u010dne h\u013eada\u0165 rie\u0161enie.<\/p>\n<p>&nbsp;<\/p>\n<h3><strong>Hotel Drot\u00e1r &#8211; ubytovanie a cena:<\/strong><\/h3>\n<p>Ubytovanie: v 2\u20134 l\u00f4\u017ekov\u00fdch izb\u00e1ch v\u00a0hoteli alebo v\u00a06-miestnych chatk\u00e1ch. Ka\u017ed\u00e1 chatka m\u00e1 vlastn\u00e9 soci\u00e1lne zariadenie, v\u00a0hoteli je spolo\u010dn\u00e9 soci\u00e1lne zariadenie pre 2 rodiny na bunke.<\/p>\n<p><strong>Ceny za ubytovanie:<\/strong><\/p>\n<ul>\n<li><strong>160\u20ac<\/strong>\u00a0\u2013 dospel\u00fd<\/li>\n<li><strong>140\u20ac<\/strong>\u00a0\u2013\u00a0die\u0165a od\u00a012 rokov (dospel\u00e1 porcia)<\/li>\n<li><strong>120\u20ac<\/strong>\u00a0\u2013\u00a0die\u0165a do 11 rokov vr\u00e1tane (detsk\u00e1 porcia)<\/li>\n<li><strong>\u00a0 25\u20ac<\/strong>\u00a0\u2013\u00a0die\u0165a do 3\u00a0rokov vr\u00e1tane (bez n\u00e1roku na stravu a l\u00f4\u017eko)<\/li>\n<li><strong>\u00a0 10\u20ac<\/strong>\u00a0\u2013\u00a0poplatok za psa.<\/li>\n<\/ul>\n<p><span style=\"line-height: 1.75em;\">V\u00a0pr\u00edpade, \u017ee m\u00e1te z\u00e1ujem o\u00a0stravu alebo l\u00f4\u017eko pre die\u0165a mlad\u0161ie ako 3 roky, uve\u010fte to v pozn\u00e1mke v\u00a0prihl\u00e1\u0161ke \u2013 cenu uprav\u00edme pod\u013ea va\u0161ich po\u017eiadaviek.<\/span><\/p>\n<h3><\/h3>\n<p><em>V\u00a0cene v\u0161etk\u00fdch turnusov je ubytovanie na 6 noc\u00ed, pln\u00e1 penzia, desiata pre deti, ob\u010derstvenie, podklady k predn\u00e1\u0161kam, materi\u00e1ly pre detsk\u00fd program, spolo\u010dn\u00e9 priestory, \u0161portovisk\u00e1, <b>v Remate &#8211; baz\u00e9ny<\/b>, pr\u00edspevok predn\u00e1\u0161aj\u00facim.<\/em><\/p>\n<p><strong>O\u00a0sp\u00f4sobe platby V\u00e1s budeme informova\u0165 po prijat\u00ed Va\u0161ej prihl\u00e1\u0161ky.<\/strong><\/p>\n<p>&nbsp;<\/p>\n<h2>Re\u010dn\u00edci<\/h2>\n<h3>Brian a Chris Clarke<\/h3>\n<p><a href=\"http:\/\/tabor.ywam.sk\/2018\/wp-content\/uploads\/clark.jpg\" rel=\"lightbox[15]\"><img loading=\"lazy\" decoding=\"async\" class=\"alignright wp-image-68 size-thumbnail\" src=\"http:\/\/tabor.ywam.sk\/2018\/wp-content\/uploads\/clark-200x200.jpg\" alt=\"\" width=\"200\" height=\"200\" srcset=\"https:\/\/tabor.ywam.sk\/2018\/wp-content\/uploads\/clark-200x200.jpg 200w, https:\/\/tabor.ywam.sk\/2018\/wp-content\/uploads\/clark-300x300.jpg 300w, https:\/\/tabor.ywam.sk\/2018\/wp-content\/uploads\/clark-768x768.jpg 768w, https:\/\/tabor.ywam.sk\/2018\/wp-content\/uploads\/clark.jpg 800w\" sizes=\"auto, (max-width: 200px) 100vw, 200px\" \/><\/a>Brian a Chris pracuj\u00fa ako kres\u0165ansk\u00ed mision\u00e1ri od roku 1989. Prv\u00fdch 10 rokov sl\u00fa\u017eili vo YWAM (Youth with a Mission): najsk\u00f4r 5 rokov v centre Amsterdamu, kde viedli spolo\u010denstvo \u201cArcha\u201d; nesk\u00f4r sa pres\u0165ahovali nasp\u00e4\u0165 do Ve\u013ekej Brit\u00e1nie a vr\u00e1mci YWAM viedli slu\u017ebu rodin\u00e1m<br \/>\nV roku 1998 rozbehli slu\u017ebu vo v\u00fdchodnej Eur\u00f3pe a v roku 2008 zalo\u017eili dobro\u010dinn\u00fa organiz\u00e1ciu Krasif Aid, ktor\u00e1 podporuje cirkvi a sponzoruje rozvojov\u00e9 projekty, zvl\u00e1\u0161\u0165 v in\u0161tit\u00faciach soci\u00e1lnej starostlivosti v Bulharsku.<br \/>\nBrianovi a Chris le\u017eia na srdci rodiny a misie. U\u017e ve\u013ea rokov sa t\u00fdmto dvom t\u00e9mam ako re\u010dn\u00edci venuj\u00fa. Okrem Bulharska p\u00f4sobili aj v D\u00e1nsku a na Slovensku. Tento rok bud\u00fa re\u010dn\u00edkmi e\u0161te aj na rodinn\u00fdch t\u00e1boroch v N\u00f3rsku a Rumunsku. Okrem in\u00e9ho vyvinuli svoj vlastn\u00fd semin\u00e1r nazvan\u00fd \u201cSpolu\u201d a praktizuj\u00fa psychometrick\u00e9 \u0161t\u00fadie pre p\u00e1ry s n\u00e1zvom Prepare&amp;Enrich (priprav sa a oboha\u0165)<br \/>\n\u017dij\u00fa bl\u00edzko Birminghamu v Spojenom Kr\u00e1\u013eovstve a u\u017e viac ako 30 rokov s\u00fa s\u00fa\u010das\u0165ou miestnej anglik\u00e1nskej cirkvi, v ktorej aj sl\u00fa\u017eia. Man\u017eelmi s\u00fa 42 rokov, maj\u00fa dvoch dospel\u00fdch synov, troch vnukov\u2026a tie\u017e ve\u013ek\u00e9ho \u010dierneho labradora ktor\u00fd sa vol\u00e1 Morgan!<\/p>\n<h3>Christoph a Eveline Leu<\/h3>\n<p><a href=\"http:\/\/tabor.ywam.sk\/2018\/wp-content\/uploads\/leu.jpg\" rel=\"lightbox[15]\"><img loading=\"lazy\" decoding=\"async\" class=\"alignright wp-image-69 size-thumbnail\" src=\"http:\/\/tabor.ywam.sk\/2018\/wp-content\/uploads\/leu-200x200.jpg\" alt=\"\" width=\"200\" height=\"200\" srcset=\"https:\/\/tabor.ywam.sk\/2018\/wp-content\/uploads\/leu-200x200.jpg 200w, https:\/\/tabor.ywam.sk\/2018\/wp-content\/uploads\/leu-300x300.jpg 300w, https:\/\/tabor.ywam.sk\/2018\/wp-content\/uploads\/leu-768x768.jpg 768w, https:\/\/tabor.ywam.sk\/2018\/wp-content\/uploads\/leu.jpg 800w\" sizes=\"auto, (max-width: 200px) 100vw, 200px\" \/><\/a>Christoph p\u00f4vodne vy\u0161tudoval architekt\u00faru, Eveline je u\u010dite\u013eka det\u00ed pred\u0161kolsk\u00e9ho veku. Spolu maj\u00fa tri dospel\u00e9 deti a tri vn\u00fa\u010dat\u00e1.<br \/>\nK slu\u017ebe YWAM sa pridali v roku 1987 a v rokoch 1992-1993 spolu viedli YWAM b\u00e1zu vo \u0161vaj\u010diarskom Wileri. V tomto obdob\u00ed sa stali aj jedn\u00fdmi z priekopn\u00edkov King\u2019s Kids v Eur\u00f3pe. (King\u2019s Kids je s\u00fa\u010das\u0165 YWAM, zameriavaj\u00faca sa na slu\u017ebu s de\u0165mi a ml\u00e1de\u017eou: http:\/\/kkint.net\/)<br \/>\nPo\u010das nasleduj\u00facich mnoh\u00fdch rokov bol Christoph jedn\u00fdm z medzin\u00e1rodn\u00fdch l\u00eddrov King\u2019s Kids. V s\u00fa\u010dasnosti p\u00f4sob\u00ed na\u010falej v \u201eglob\u00e1lnom star\u0161ovstve\u201c tejto organiz\u00e1cie.<br \/>\nZ\u00e1rove\u0148 je aj pastorom miestneho, medzigenera\u010dn\u00e9ho cirkevn\u00e9ho zboru s n\u00e1zvom \u201eJahu\u201c. Tu maj\u00fa mnoho pr\u00edle\u017eitost\u00ed budova\u0165 vz\u0165ahy a t\u00edmov\u00fa spolupr\u00e1cu medzi gener\u00e1ciami mlad\u00fdch, dospel\u00fdch, aj seniorov.<br \/>\n\u010eal\u0161ou t\u00fa\u017ebou a v\u00e1\u0161\u0148ou Leuovcov je vystrojova\u0165 a povzbudzova\u0165 rodiny ako v \u017eivote, tak aj v slu\u017ebe.<\/p>\n<h3>Al a Carolyn Akimoff<\/h3>\n<p><a href=\"http:\/\/tabor.ywam.sk\/2018\/wp-content\/uploads\/akimof.jpeg\" rel=\"lightbox[15]\"><img loading=\"lazy\" decoding=\"async\" class=\"alignright wp-image-70 size-thumbnail\" src=\"http:\/\/tabor.ywam.sk\/2018\/wp-content\/uploads\/akimof-200x200.jpeg\" alt=\"\" width=\"200\" height=\"200\" srcset=\"https:\/\/tabor.ywam.sk\/2018\/wp-content\/uploads\/akimof-200x200.jpeg 200w, https:\/\/tabor.ywam.sk\/2018\/wp-content\/uploads\/akimof-300x300.jpeg 300w, https:\/\/tabor.ywam.sk\/2018\/wp-content\/uploads\/akimof.jpeg 341w\" sizes=\"auto, (max-width: 200px) 100vw, 200px\" \/><\/a>Slu\u017eba Akimoffcov sa za\u010dala s organiz\u00e1ciou Open Doors, ktor\u00fa zalo\u017eil Brat Andrew. Po nieko\u013ek\u00fdch rokoch \u017eivota a pr\u00e1ce s prenasledovanou cirkvou sa vr\u00e1tili do slu\u017eby vo YWAM na pln\u00fd \u00fav\u00e4zok. Zalo\u017eili Slavic Ministries, ktorej cie\u013eom bolo dosta\u0165 YWAM aj do v\u00fdchodnej a strednej Eur\u00f3py. Po\u010das 70-tych a 80-tych rokov \u017eili v Nemecku a Rak\u00fasku a v tomto obdob\u00ed vysielali ve\u013ea evanjeliza\u010dn\u00fdch t\u00edmov za \u017eelezn\u00fa oponu.<\/p>\n<p>Po rozpade Sovietskeho Zv\u00e4zu na konci 80-tych rokov za\u010dali Akimoffci rozv\u00edja\u0165 \u0161koly, slu\u017eby a b\u00e1zy YWAM v celom v\u00fdchodnom bloku. Al v tomto \u010dase viedol regi\u00f3n V\u00fdchodnej Eur\u00f3py, ktor\u00fd zah\u0155\u0148al Rusko, Ukrainu, Moldavsko, Bielorusko, Gruz\u00ednsko a Arm\u00e9nsko.<br \/>\nDnes patr\u00ed Al medz\u00ed \u201cstarej\u0161\u00edch\u201d na\u0161ej organiz\u00e1cie vo v\u00fdchodnej a strednej Eur\u00f3pe a tie\u017e celej Eur\u00f3py ako takej. Spolu s Carolyn s\u00fa starej\u0161\u00edmi aj v tzv. Eur\u00f3pskom centre DTS. Na\u010falej ved\u00fa Slavic Ministries a zvl\u00e1\u0161\u0165 sa staraj\u00fa o potreby mnoh\u00fdch pracovn\u00edkov, ktor\u00ed p\u00f4sobia v slovansk\u00fdch n\u00e1rodoch.<\/p>\n<h3>King\u2019s Kids a Alon a Raja Grimbergovci<\/h3>\n<p><a href=\"http:\/\/tabor.ywam.sk\/2018\/wp-content\/uploads\/Grimbergs.jpg\" rel=\"lightbox[15]\"><img loading=\"lazy\" decoding=\"async\" class=\"alignright size-thumbnail wp-image-71\" src=\"http:\/\/tabor.ywam.sk\/2018\/wp-content\/uploads\/Grimbergs-200x200.jpg\" alt=\"\" width=\"200\" height=\"200\" srcset=\"https:\/\/tabor.ywam.sk\/2018\/wp-content\/uploads\/Grimbergs-200x200.jpg 200w, https:\/\/tabor.ywam.sk\/2018\/wp-content\/uploads\/Grimbergs-300x300.jpg 300w, https:\/\/tabor.ywam.sk\/2018\/wp-content\/uploads\/Grimbergs-768x768.jpg 768w, https:\/\/tabor.ywam.sk\/2018\/wp-content\/uploads\/Grimbergs.jpg 800w\" sizes=\"auto, (max-width: 200px) 100vw, 200px\" \/><\/a>Na tohtoro\u010dnom t\u00edned\u017eerskom t\u00e1bore sa k n\u00e1m prid\u00e1 aj skupina King\u2019s Kids z Izraela pod veden\u00edm Alona a Raji Grimbergovcov. King\u2019s Kids je s\u00fa\u010das\u0165 YWAM, zameriavaj\u00faca sa na slu\u017ebu s de\u0165mi a ml\u00e1de\u017eou.<br \/>\nZ tejto skupiny mlad\u00fdch c\u00edti\u0165 nad\u0161enie pre hudbu a pohyb, chv\u00e1ly aj praktick\u00fa slu\u017ebu druh\u00fdm. Ver\u00edme, \u017ee bud\u00fa pre na\u0161ich t\u00edned\u017eerov povzbuden\u00edm a in\u0161pir\u00e1ciou, ako aj ve\u013ek\u00fdm svedectvom jednoty.<\/p>\n","protected":false},"excerpt":{"rendered":"<p>Miesto a term\u00edny: Miesto j\u00falov\u00fdch t\u00e1borov: hotel Remata***,\u00a0R\u00e1zto\u010dno, Handlov\u00e1 1. TURNUS : 15. &#8211; 21. j\u00fal Re\u010dn\u00edci: Brian a Chris Clarke &#8211; pracuj\u00fa ako kres\u0165ansk\u00ed mision\u00e1ri od roku 1989 a dlhodobo sa venuj\u00fa pr\u00e1ci s rodinami 2. TURNUS : 22. &#8211; 28. j\u00fal (t\u00e1bor pre rodiny de\u0165mi ak\u00e9hoko\u013evek veku, pre teenagerov od 13 rokov bude [&hellip;]<\/p>\n","protected":false},"author":1,"featured_media":0,"parent":0,"menu_order":4,"comment_status":"closed","ping_status":"closed","template":"","meta":{"footnotes":""},"class_list":["post-15","page","type-page","status-publish","hentry"],"_links":{"self":[{"href":"https:\/\/tabor.ywam.sk\/2018\/wp-json\/wp\/v2\/pages\/15","targetHints":{"allow":["GET"]}}],"collection":[{"href":"https:\/\/tabor.ywam.sk\/2018\/wp-json\/wp\/v2\/pages"}],"about":[{"href":"https:\/\/tabor.ywam.sk\/2018\/wp-json\/wp\/v2\/types\/page"}],"author":[{"embeddable":true,"href":"https:\/\/tabor.ywam.sk\/2018\/wp-json\/wp\/v2\/users\/1"}],"replies":[{"embeddable":true,"href":"https:\/\/tabor.ywam.sk\/2018\/wp-json\/wp\/v2\/comments?post=15"}],"version-history":[{"count":7,"href":"https:\/\/tabor.ywam.sk\/2018\/wp-json\/wp\/v2\/pages\/15\/revisions"}],"predecessor-version":[{"id":84,"href":"https:\/\/tabor.ywam.sk\/2018\/wp-json\/wp\/v2\/pages\/15\/revisions\/84"}],"wp:attachment":[{"href":"https:\/\/tabor.ywam.sk\/2018\/wp-json\/wp\/v2\/media?parent=15"}],"curies":[{"name":"wp","href":"https:\/\/api.w.org\/{rel}","templated":true}]}}