{"id":7,"date":"2017-03-11T16:49:53","date_gmt":"2017-03-11T15:49:53","guid":{"rendered":"http:\/\/tabor.ywam.sk\/2017\/?page_id=7"},"modified":"2017-03-11T17:06:12","modified_gmt":"2017-03-11T16:06:12","slug":"tema","status":"publish","type":"page","link":"https:\/\/tabor.ywam.sk\/2017\/tema\/","title":{"rendered":"Pam\u00e4taj a odovzdaj"},"content":{"rendered":"<p>To, kde sa aktu\u00e1lne nach\u00e1dzame (\u010di u\u017e ako jednotlivci alebo ako rodina), je d\u00f4sledkom toho, \u010do sa udialo v\u00a0bl\u00edzkej \u010di vzdialenej\u0161ej minulosti. Sme neskuto\u010dne bohat\u00ed, preto\u017ee v\u00a0ka\u017edom z\u00a0n\u00e1s je nahromaden\u00fd ohromn\u00fd potenci\u00e1l. N\u00e1\u0161 Stvorite\u013e mal ur\u010dit\u00fd z\u00e1mer s\u00a0nami e\u0161te predt\u00fdm, ne\u017e sme sa prv\u00fd kr\u00e1t nad\u00fdchli; na\u0161i rodi\u010dia do n\u00e1s vkladali to najlep\u0161ie, \u010do mali, vedeli a\u00a0mohli; my sami sme sa o\u00a0to ist\u00e9 usilovali zo v\u0161etk\u00fdch s\u00edl a\u017e do dne\u0161n\u00e9ho d\u0148a,&#8230; To s\u00fa \u00fa\u017easn\u00e9 veci, ktor\u00e9 si chceme pripom\u00edna\u0165 a\u00a0rozm\u00fd\u0161\u013ea\u0165 tie\u017e nad t\u00fdm, ako nalo\u017ei\u0165 \u010do najlep\u0161ie s\u00a0t\u00fdmto ohromn\u00fdm bohatstvom. \u010co potrebuj\u00fa na\u0161e deti, \u010do \u013eudia okolo n\u00e1s, \u010do na\u0161a spolo\u010dnos\u0165,&#8230;? Mnoh\u00e9 sme dostali a\u00a0nie\u010do odovzd\u00e1vame \u010falej. Ak\u00e9 \u201ededi\u010dstvo\u201c po sebe zanech\u00e1me n\u00e1m ur\u010dite nie je jedno&#8230;<\/p>\n","protected":false},"excerpt":{"rendered":"<p>To, kde sa aktu\u00e1lne nach\u00e1dzame (\u010di u\u017e ako jednotlivci alebo ako rodina), je d\u00f4sledkom toho, \u010do sa udialo v\u00a0bl\u00edzkej \u010di vzdialenej\u0161ej minulosti. Sme neskuto\u010dne bohat\u00ed, preto\u017ee v\u00a0ka\u017edom z\u00a0n\u00e1s je nahromaden\u00fd&period;&period;&period;<\/p>\n","protected":false},"author":1,"featured_media":0,"parent":0,"menu_order":1,"comment_status":"closed","ping_status":"closed","template":"","meta":{"footnotes":""},"class_list":["post-7","page","type-page","status-publish","hentry"],"_links":{"self":[{"href":"https:\/\/tabor.ywam.sk\/2017\/wp-json\/wp\/v2\/pages\/7","targetHints":{"allow":["GET"]}}],"collection":[{"href":"https:\/\/tabor.ywam.sk\/2017\/wp-json\/wp\/v2\/pages"}],"about":[{"href":"https:\/\/tabor.ywam.sk\/2017\/wp-json\/wp\/v2\/types\/page"}],"author":[{"embeddable":true,"href":"https:\/\/tabor.ywam.sk\/2017\/wp-json\/wp\/v2\/users\/1"}],"replies":[{"embeddable":true,"href":"https:\/\/tabor.ywam.sk\/2017\/wp-json\/wp\/v2\/comments?post=7"}],"version-history":[{"count":2,"href":"https:\/\/tabor.ywam.sk\/2017\/wp-json\/wp\/v2\/pages\/7\/revisions"}],"predecessor-version":[{"id":21,"href":"https:\/\/tabor.ywam.sk\/2017\/wp-json\/wp\/v2\/pages\/7\/revisions\/21"}],"wp:attachment":[{"href":"https:\/\/tabor.ywam.sk\/2017\/wp-json\/wp\/v2\/media?parent=7"}],"curies":[{"name":"wp","href":"https:\/\/api.w.org\/{rel}","templated":true}]}}